{"id":1601,"date":"2023-03-09T12:21:45","date_gmt":"2023-03-09T11:21:45","guid":{"rendered":"https:\/\/tarotmagnetic.fr\/?page_id=1601"},"modified":"2023-09-07T16:36:22","modified_gmt":"2023-09-07T14:36:22","slug":"mes-offres-abonnement-mensuel","status":"publish","type":"page","link":"https:\/\/tarotmagnetic.fr\/index.php\/mes-offres-abonnement-mensuel\/","title":{"rendered":"Mes packs"},"content":{"rendered":"\n<div class=\"wp-block-cover alignfull\" style=\"min-height:750px\"><span aria-hidden=\"true\" class=\"wp-block-cover__background has-ast-global-color-4-background-color has-background-dim-90 has-background-dim\"><\/span><img decoding=\"async\" class=\"wp-block-cover__image-background wp-image-409\" alt=\"\" src=\"https:\/\/tarotmagnetic.fr\/wp-content\/uploads\/2023\/05\/about2.jpg\" data-object-fit=\"cover\"\/><div class=\"wp-block-cover__inner-container\">\n<div class=\"is-layout-flex wp-container-5 wp-block-columns alignwide are-vertically-aligned-center\">\n<div class=\"is-layout-flow wp-block-column is-vertically-aligned-center\">\n<div class=\"inherit-container-width is-layout-constrained wp-block-group alignfull has-primary-color has-text-color has-background\" style=\"background-color:#00ffff\">\n<h4 class=\"has-text-align-center has-black-color has-text-color has-background\" style=\"background-color:#00ffff\">QUESTION \u00abFLASH\u00bb 3 CARTES 30\u20ac<\/h4>\n\n\n\n<p class=\"has-text-align-center has-text-color has-small-font-size\" style=\"color:#4b4f58;margin-bottom:var(--wp--preset--spacing--70)\">Entretien t\u00e9l\u00e9phonique avec WhatsApp pendant 30 mn<\/p>\n\n\n\n<p>                           <\/p>\n<\/div>\n<\/div>\n\n\n\n<div class=\"is-layout-flow wp-block-column is-vertically-aligned-center\">\n<div class=\"inherit-container-width is-layout-constrained wp-block-group alignfull has-primary-color has-text-color has-background\" style=\"background-color:#ff00ff\">\n<h4 class=\"has-text-align-center has-text-color has-background\" style=\"color:#ffffff;background-color:#ff00ff\">QUESTION \u00abOPEN\u00bb 50\u20ac<\/h4>\n\n\n\n<p class=\"has-text-align-center has-black-color has-text-color has-small-font-size\">Entretien t\u00e9l\u00e9phonique avec WhatsApp &#8211; 1 HEURE<\/p>\n\n\n\n<p><\/p>\n<\/div>\n<\/div>\n<\/div>\n\n\n\n<div class=\"is-layout-flex wp-container-10 wp-block-columns alignwide are-vertically-aligned-center\">\n<div class=\"is-layout-flow wp-block-column is-vertically-aligned-center\">\n<div class=\"inherit-container-width is-layout-constrained wp-block-group alignfull has-primary-color has-text-color has-background\" style=\"background-color:#ffff00\">\n<p class=\"has-text-align-center has-luminous-vivid-orange-color has-text-color has-background has-medium-font-size\" style=\"background-color:#ffff00\"><br><strong>Agir avec CONFIANCE, RAPIDITE et PERTINENCE<\/strong><\/p>\n<\/div>\n<\/div>\n\n\n\n<div class=\"is-layout-flow wp-block-column is-vertically-aligned-center\">\n<div class=\"inherit-container-width is-layout-constrained wp-block-group alignfull has-primary-color has-text-color has-background\" style=\"background-color:#0000ff\">\n<h5 class=\"has-text-align-center has-text-color has-background\" style=\"color:#ffffff;background-color:#0000ff\">TAROT\u00abLE MONDE EN SOI\u00bb 99\u20ac<\/h5>\n\n\n\n<p class=\"has-text-align-center\"> TOUS les domaines de votre vie actuelle sont abord\u00e9s.<\/p>\n\n\n\n<p class=\"has-text-align-center\">Faites vous confiance&nbsp;!<\/p>\n\n\n\n<p><\/p>\n<\/div>\n<\/div>\n<\/div>\n\n\n\n<div class=\"wp-block-uagb-container uagb-block-68f98a99 alignfull uagb-is-root-container\"><div class=\"uagb-container-inner-blocks-wrap\">\n<ol class=\"has-black-color has-text-color\">\n<li>Pour obtenir votre consultation, il suffit de m\u2019appeler pour convenir du RDV t\u00e9l\u00e9phonique ou en pr\u00e9sentiel <\/li>\n\n\n\n<li>Vous choisissez tout simplement votre formule.<\/li>\n\n\n\n<li>Vous effectuez ensuite votre paiement par PayPal (ou autre paiement \u00e0 me pr\u00e9ciser lors de notre contact)<\/li>\n\n\n\n<li>Et je vous rappelle le jour de notre RDV.<\/li>\n<\/ol>\n<\/div><\/div>\n<\/div><\/div>\n","protected":false},"excerpt":{"rendered":"","protected":false},"author":1,"featured_media":0,"parent":0,"menu_order":0,"comment_status":"closed","ping_status":"closed","template":"","meta":{"_uag_custom_page_level_css":"","site-sidebar-layout":"default","site-content-layout":"","ast-site-content-layout":"","site-content-style":"default","site-sidebar-style":"default","ast-global-header-display":"","ast-banner-title-visibility":"","ast-main-header-display":"","ast-hfb-above-header-display":"","ast-hfb-below-header-display":"","ast-hfb-mobile-header-display":"","site-post-title":"","ast-breadcrumbs-content":"","ast-featured-img":"","footer-sml-layout":"","theme-transparent-header-meta":"","adv-header-id-meta":"","stick-header-meta":"","header-above-stick-meta":"","header-main-stick-meta":"","header-below-stick-meta":"","astra-migrate-meta-layouts":"default","ast-page-background-enabled":"default","ast-page-background-meta":{"desktop":{"background-color":"","background-image":"","background-repeat":"repeat","background-position":"center center","background-size":"auto","background-attachment":"scroll","background-type":"","background-media":"","overlay-type":"","overlay-color":"","overlay-gradient":""},"tablet":{"background-color":"","background-image":"","background-repeat":"repeat","background-position":"center center","background-size":"auto","background-attachment":"scroll","background-type":"","background-media":"","overlay-type":"","overlay-color":"","overlay-gradient":""},"mobile":{"background-color":"","background-image":"","background-repeat":"repeat","background-position":"center center","background-size":"auto","background-attachment":"scroll","background-type":"","background-media":"","overlay-type":"","overlay-color":"","overlay-gradient":""}},"ast-content-background-meta":{"desktop":{"background-color":"var(--ast-global-color-5)","background-image":"","background-repeat":"repeat","background-position":"center center","background-size":"auto","background-attachment":"scroll","background-type":"","background-media":"","overlay-type":"","overlay-color":"","overlay-gradient":""},"tablet":{"background-color":"var(--ast-global-color-5)","background-image":"","background-repeat":"repeat","background-position":"center center","background-size":"auto","background-attachment":"scroll","background-type":"","background-media":"","overlay-type":"","overlay-color":"","overlay-gradient":""},"mobile":{"background-color":"var(--ast-global-color-5)","background-image":"","background-repeat":"repeat","background-position":"center center","background-size":"auto","background-attachment":"scroll","background-type":"","background-media":"","overlay-type":"","overlay-color":"","overlay-gradient":""}}},"uagb_featured_image_src":{"full":false,"thumbnail":false,"medium":false,"medium_large":false,"large":false,"1536x1536":false,"2048x2048":false},"uagb_author_info":{"display_name":"lamari.juba","author_link":"https:\/\/tarotmagnetic.fr\/index.php\/author\/lamari-juba\/"},"uagb_comment_info":0,"uagb_excerpt":null,"_links":{"self":[{"href":"https:\/\/tarotmagnetic.fr\/index.php\/wp-json\/wp\/v2\/pages\/1601"}],"collection":[{"href":"https:\/\/tarotmagnetic.fr\/index.php\/wp-json\/wp\/v2\/pages"}],"about":[{"href":"https:\/\/tarotmagnetic.fr\/index.php\/wp-json\/wp\/v2\/types\/page"}],"author":[{"embeddable":true,"href":"https:\/\/tarotmagnetic.fr\/index.php\/wp-json\/wp\/v2\/users\/1"}],"replies":[{"embeddable":true,"href":"https:\/\/tarotmagnetic.fr\/index.php\/wp-json\/wp\/v2\/comments?post=1601"}],"version-history":[{"count":19,"href":"https:\/\/tarotmagnetic.fr\/index.php\/wp-json\/wp\/v2\/pages\/1601\/revisions"}],"predecessor-version":[{"id":1820,"href":"https:\/\/tarotmagnetic.fr\/index.php\/wp-json\/wp\/v2\/pages\/1601\/revisions\/1820"}],"wp:attachment":[{"href":"https:\/\/tarotmagnetic.fr\/index.php\/wp-json\/wp\/v2\/media?parent=1601"}],"curies":[{"name":"wp","href":"https:\/\/api.w.org\/{rel}","templated":true}]}}